{"id":18,"date":"2023-05-22T14:52:10","date_gmt":"2023-05-22T14:52:10","guid":{"rendered":"https:\/\/terradetodos.pt\/?page_id=18"},"modified":"2024-11-25T15:35:49","modified_gmt":"2024-11-25T15:35:49","slug":"estatuto","status":"publish","type":"page","link":"https:\/\/terradetodos.pt\/?page_id=18","title":{"rendered":"Estatuto"},"content":{"rendered":"\n<figure class=\"wp-block-image alignleft size-full is-resized\"><img loading=\"lazy\" decoding=\"async\" width=\"500\" height=\"500\" src=\"https:\/\/terradetodos.pt\/wp-content\/uploads\/2024\/11\/Diseno-sin-titulo-4.png\" alt=\"\" class=\"wp-image-595\" style=\"width:265px;height:auto\" srcset=\"https:\/\/terradetodos.pt\/wp-content\/uploads\/2024\/11\/Diseno-sin-titulo-4.png 500w, https:\/\/terradetodos.pt\/wp-content\/uploads\/2024\/11\/Diseno-sin-titulo-4-300x300.png 300w, https:\/\/terradetodos.pt\/wp-content\/uploads\/2024\/11\/Diseno-sin-titulo-4-150x150.png 150w\" sizes=\"auto, (max-width: 500px) 100vw, 500px\" \/><\/figure>\n\n\n\n<p><strong>ESTATUTOS DA \u201c<em>ASSOCIA\u00c7\u00c3O Terra de Todos<\/em>\u201d&nbsp;&nbsp;<\/strong><\/p>\n\n\n\n<p><strong>Foram apresentados na Conservat\u00f3ria do Registo Comercial, de Viana do Castelo,&nbsp; em 29 de Maio 2020, Dia do seu registo.&nbsp;&nbsp;<\/strong><\/p>\n\n\n\n<p><strong>Artigo 1 <\/strong>&#8211; Denomina\u00e7\u00e3o, sede e dura\u00e7\u00e3o&nbsp;<\/p>\n\n\n\n<p>1. A associa\u00e7\u00e3o, sem fins lucrativos, adota a denomina\u00e7\u00e3o ASSOCIA\u00c7\u00c3O TERRA DE&nbsp; TODOS, e tem a sede na Rua C\u00f3nego Doutor Manuel Faria, N\u00famero 540, 2\u00ba&nbsp; Esq, freguesia de Santa Maria Maior, Concelho de Viana do Castelo e constitui se por tempo indeterminado.&nbsp;<\/p>\n\n\n\n<p>2. A associa\u00e7\u00e3o tem o n\u00famero de pessoa coletiva 515895601&nbsp;<\/p>\n\n\n\n<p><strong>Artigo 2 <\/strong>\u2013 Fim e Objetivos&nbsp;&nbsp;<\/p>\n\n\n\n<p>1 &#8211; A associa\u00e7\u00e3o tem como fim promover os direitos e interesses espec\u00edficos dos&nbsp; imigrantes e seus descendentes, residentes na sua \u00e1rea de atua\u00e7\u00e3o. A associa\u00e7\u00e3o&nbsp; intervir\u00e1 sempre numa perspetiva de participa\u00e7\u00e3o ativa e respons\u00e1vel de cidad\u00e3os&nbsp; imigrantes, nacionais e europeus, em parceria intercultural.&nbsp;&nbsp;<\/p>\n\n\n\n<p>2 &#8211; A Associa\u00e7\u00e3o concorrer\u00e1 \u00e0 valoriza\u00e7\u00e3o dos imigrantes em prol da sua integra\u00e7\u00e3o e&nbsp; inser\u00e7\u00e3o; estimular\u00e1 a\u00e7\u00f5es de apoio para melhorar as suas condi\u00e7\u00f5es de vida;&nbsp; valorizar\u00e1 as ra\u00edzes culturais e sociais enquanto componentes da identidade dos&nbsp; imigrantes e dos seus descendentes; desenvolver\u00e1 a\u00e7\u00f5es de partilha e de entreajuda,&nbsp; nomeadamente atrav\u00e9s do \u201c<em>mentorismo<\/em>\u201d<em>, <\/em>do voluntariado e de encontros e forma\u00e7\u00f5es&nbsp; e exposi\u00e7\u00f5es interculturais, nacionais e internacionais.&nbsp;<\/p>\n\n\n\n<p>3 &#8211; A Associa\u00e7\u00e3o participar\u00e1 nos instrumentos de pol\u00edticas locais, regionais e nacionais,&nbsp; que digam respeito aos imigrantes e \u00e0s medidas de luta contra a discrimina\u00e7\u00e3o e o&nbsp; racismo. Os corpos sociais da Associa\u00e7\u00e3o ser\u00e3o parit\u00e1rios, quer em n\u00famero de&nbsp; imigrantes, quer de nacionais e europeus, quer em termos de g\u00e9nero.&nbsp;<\/p>\n\n\n\n<p><strong>Artigo 3 &#8211; Receitas&nbsp;<\/strong><\/p>\n\n\n\n<p>Constituem receitas da associa\u00e7\u00e3o, designadamente:&nbsp;<\/p>\n\n\n\n<p>a. A j\u00f3ia inicial e \u00fanica, paga pelos s\u00f3cios, fixada pela assembleia geral b. O produto das quotiza\u00e7\u00f5es anuais, fixadas pela assembleia geral; c. Os rendimentos dos bens pr\u00f3prios da associa\u00e7\u00e3o e as receitas das atividades&nbsp; sociais;&nbsp;<\/p>\n\n\n\n<p>d. As liberalidades aceites pela associa\u00e7\u00e3o;<\/p>\n\n\n\n<p>e. Os subs\u00eddios que lhe sejam atribu\u00eddos.&nbsp;<\/p>\n\n\n\n<p><strong>Artigo 4 &#8211; \u00d3rg\u00e3os&nbsp;<\/strong><\/p>\n\n\n\n<p>1. S\u00e3o \u00f3rg\u00e3os da associa\u00e7\u00e3o a Assembleia-Geral, a Dire\u00e7\u00e3o e o Conselho Fiscal. 2. O mandato dos titulares dos \u00f3rg\u00e3os sociais \u00e9 de 3 anos.&nbsp;<\/p>\n\n\n\n<p><strong>Artigo 5 \u2013 Assembleia-Geral&nbsp;<\/strong><\/p>\n\n\n\n<p>1. A Assembleia-Geral \u00e9 constitu\u00edda por todos os associados no pleno gozo dos&nbsp; seus direitos.&nbsp;<\/p>\n\n\n\n<p>2. A compet\u00eancia da Assembleia-Geral e a forma do seu funcionamento s\u00e3o os&nbsp; estabelecidos no C\u00f3digo Civil, designadamente no artigo 170\u00ba, e nos artigos&nbsp; 172\u00ba a 179\u00ba.&nbsp;<\/p>\n\n\n\n<p>3. A Mesa da Assembleia-Geral \u00e9 composta por tr\u00eas associados, um Presidente e&nbsp; dois Secret\u00e1rios, competindo-lhes dirigir as reuni\u00f5es da assembleia e lavrar as&nbsp; respetivas atas.&nbsp;<\/p>\n\n\n\n<p><strong>Artigo 6 &#8211; Dire\u00e7\u00e3o&nbsp;<\/strong><\/p>\n\n\n\n<p>1. A Dire\u00e7\u00e3o, eleita em Assembleia-Geral, \u00e9 composta por 3 associados. 2. \u00c0 Dire\u00e7\u00e3o compete a ger\u00eancia social, administrativa e financeira da associa\u00e7\u00e3o,&nbsp; e representar a associa\u00e7\u00e3o em ju\u00edzo e fora dele.&nbsp;<\/p>\n\n\n\n<p>3. A forma do seu funcionamento \u00e9 a estabelecida no artigo 171\u00ba do C\u00f3digo Civil. 4. A associa\u00e7\u00e3o obriga-se com a interven\u00e7\u00e3o de dois diretores um dos quais ser\u00e1 o&nbsp; Presidente.&nbsp;<\/p>\n\n\n\n<p><strong>Artigo 7 &#8211; Conselho Fiscal&nbsp;<\/strong><\/p>\n\n\n\n<p>1. O Conselho fiscal, eleito em Assembleia-Geral, \u00e9 composto por 3 associados,&nbsp; um Presidente, um Vice-Presidente e um Secret\u00e1rio.&nbsp;<\/p>\n\n\n\n<p>2. Ao Conselho fiscal compete fiscalizar os atos administrativos e financeiros da&nbsp; dire\u00e7\u00e3o, fiscalizar as suas contas e relat\u00f3rios financeiros, e dar parecer sobre os&nbsp; atos que impliquem aumento das despesas ou diminui\u00e7\u00e3o das receitas. 3. A forma do seu funcionamento \u00e9 a estabelecida no artigo 171\u00ba do C\u00f3digo Civil.<\/p>\n\n\n\n<p><strong>Artigo 8 &#8211; Admiss\u00e3o e exclus\u00e3o&nbsp;<\/strong><\/p>\n\n\n\n<p>As condi\u00e7\u00f5es de admiss\u00e3o e exclus\u00e3o dos associados, suas categorias, direitos e&nbsp; obriga\u00e7\u00f5es, constar\u00e3o de regulamento interno a aprovar pela Assembleia-Geral.&nbsp;<\/p>\n\n\n\n<p><strong>Artigo 9 &#8211; Extin\u00e7\u00e3o. Destino dos bens.&nbsp;<\/strong><\/p>\n\n\n\n<p>A extin\u00e7\u00e3o da associa\u00e7\u00e3o, o destino dos bens que integrarem o patrim\u00f3nio social, que&nbsp; n\u00e3o estejam afetados a fim determinado e que n\u00e3o lhe tenham sido doados ou&nbsp; deixados com algum encargo, ser\u00e1 objeto de Regulamento Interno, que ser\u00e1&nbsp; deliberado pela Assembleia-Geral.&nbsp;<\/p>\n\n\n\n<p>CIDADE DE VIANA DO CASTELO, PORTUGAL, AOS 29 DE MAIO DE 2020.<\/p>\n","protected":false},"excerpt":{"rendered":"<p>ESTATUTOS DA \u201cASSOCIA\u00c7\u00c3O Terra de Todos\u201d&nbsp;&nbsp; Foram apresentados na Conservat\u00f3ria do Registo Comercial, de Viana do Castelo,&nbsp; em 29 de Maio 2020, Dia do seu [&#8230;]<\/p>\n","protected":false},"author":2,"featured_media":0,"parent":0,"menu_order":0,"comment_status":"closed","ping_status":"closed","template":"","meta":{"sfsi_plus_gutenberg_text_before_share":"","sfsi_plus_gutenberg_show_text_before_share":"","sfsi_plus_gutenberg_icon_type":"","sfsi_plus_gutenberg_icon_alignemt":"","sfsi_plus_gutenburg_max_per_row":"","footnotes":""},"class_list":["post-18","page","type-page","status-publish","hentry"],"_links":{"self":[{"href":"https:\/\/terradetodos.pt\/index.php?rest_route=\/wp\/v2\/pages\/18","targetHints":{"allow":["GET"]}}],"collection":[{"href":"https:\/\/terradetodos.pt\/index.php?rest_route=\/wp\/v2\/pages"}],"about":[{"href":"https:\/\/terradetodos.pt\/index.php?rest_route=\/wp\/v2\/types\/page"}],"author":[{"embeddable":true,"href":"https:\/\/terradetodos.pt\/index.php?rest_route=\/wp\/v2\/users\/2"}],"replies":[{"embeddable":true,"href":"https:\/\/terradetodos.pt\/index.php?rest_route=%2Fwp%2Fv2%2Fcomments&post=18"}],"version-history":[{"count":1,"href":"https:\/\/terradetodos.pt\/index.php?rest_route=\/wp\/v2\/pages\/18\/revisions"}],"predecessor-version":[{"id":597,"href":"https:\/\/terradetodos.pt\/index.php?rest_route=\/wp\/v2\/pages\/18\/revisions\/597"}],"wp:attachment":[{"href":"https:\/\/terradetodos.pt\/index.php?rest_route=%2Fwp%2Fv2%2Fmedia&parent=18"}],"curies":[{"name":"wp","href":"https:\/\/api.w.org\/{rel}","templated":true}]}}

<figure class="wp-block-image alignleft size-full is-resized"><img loading="lazy" decoding="async" width="500" height="500" src="https://terradetodos.pt/wp-content/uploads/2024/11/Diseno-sin-titulo-4.png" alt="" class="wp-image-595" style="width:265px;height:auto" srcset="https://terradetodos.pt/wp-content/uploads/2024/11/Diseno-sin-titulo-4.png 500w, https://terradetodos.pt/wp-content/uploads/2024/11/Diseno-sin-titulo-4-300x300.png 300w, https://terradetodos.pt/wp-content/uploads/2024/11/Diseno-sin-titulo-4-150x150.png 150w" sizes="auto, (max-width: 500px) 100vw, 500px" /></figure>



<p><strong>ESTATUTOS DA “<em>ASSOCIAÇÃO Terra de Todos</em>”&nbsp;&nbsp;</strong></p>



<p><strong>Foram apresentados na Conservatória do Registo Comercial, de Viana do Castelo,&nbsp; em 29 de Maio 2020, Dia do seu registo.&nbsp;&nbsp;</strong></p>



<p><strong>Artigo 1 </strong>&#8211; Denominação, sede e duração&nbsp;</p>



<p>1. A associação, sem fins lucrativos, adota a denominação ASSOCIAÇÃO TERRA DE&nbsp; TODOS, e tem a sede na Rua Cónego Doutor Manuel Faria, Número 540, 2º&nbsp; Esq, freguesia de Santa Maria Maior, Concelho de Viana do Castelo e constitui se por tempo indeterminado.&nbsp;</p>



<p>2. A associação tem o número de pessoa coletiva 515895601&nbsp;</p>



<p><strong>Artigo 2 </strong>– Fim e Objetivos&nbsp;&nbsp;</p>



<p>1 &#8211; A associação tem como fim promover os direitos e interesses específicos dos&nbsp; imigrantes e seus descendentes, residentes na sua área de atuação. A associação&nbsp; intervirá sempre numa perspetiva de participação ativa e responsável de cidadãos&nbsp; imigrantes, nacionais e europeus, em parceria intercultural.&nbsp;&nbsp;</p>



<p>2 &#8211; A Associação concorrerá à valorização dos imigrantes em prol da sua integração e&nbsp; inserção; estimulará ações de apoio para melhorar as suas condições de vida;&nbsp; valorizará as raízes culturais e sociais enquanto componentes da identidade dos&nbsp; imigrantes e dos seus descendentes; desenvolverá ações de partilha e de entreajuda,&nbsp; nomeadamente através do “<em>mentorismo</em>”<em>, </em>do voluntariado e de encontros e formações&nbsp; e exposições interculturais, nacionais e internacionais.&nbsp;</p>



<p>3 &#8211; A Associação participará nos instrumentos de políticas locais, regionais e nacionais,&nbsp; que digam respeito aos imigrantes e às medidas de luta contra a discriminação e o&nbsp; racismo. Os corpos sociais da Associação serão paritários, quer em número de&nbsp; imigrantes, quer de nacionais e europeus, quer em termos de género.&nbsp;</p>



<p><strong>Artigo 3 &#8211; Receitas&nbsp;</strong></p>



<p>Constituem receitas da associação, designadamente:&nbsp;</p>



<p>a. A jóia inicial e única, paga pelos sócios, fixada pela assembleia geral b. O produto das quotizações anuais, fixadas pela assembleia geral; c. Os rendimentos dos bens próprios da associação e as receitas das atividades&nbsp; sociais;&nbsp;</p>



<p>d. As liberalidades aceites pela associação;</p>



<p>e. Os subsídios que lhe sejam atribuídos.&nbsp;</p>



<p><strong>Artigo 4 &#8211; Órgãos&nbsp;</strong></p>



<p>1. São órgãos da associação a Assembleia-Geral, a Direção e o Conselho Fiscal. 2. O mandato dos titulares dos órgãos sociais é de 3 anos.&nbsp;</p>



<p><strong>Artigo 5 – Assembleia-Geral&nbsp;</strong></p>



<p>1. A Assembleia-Geral é constituída por todos os associados no pleno gozo dos&nbsp; seus direitos.&nbsp;</p>



<p>2. A competência da Assembleia-Geral e a forma do seu funcionamento são os&nbsp; estabelecidos no Código Civil, designadamente no artigo 170º, e nos artigos&nbsp; 172º a 179º.&nbsp;</p>



<p>3. A Mesa da Assembleia-Geral é composta por três associados, um Presidente e&nbsp; dois Secretários, competindo-lhes dirigir as reuniões da assembleia e lavrar as&nbsp; respetivas atas.&nbsp;</p>



<p><strong>Artigo 6 &#8211; Direção&nbsp;</strong></p>



<p>1. A Direção, eleita em Assembleia-Geral, é composta por 3 associados. 2. À Direção compete a gerência social, administrativa e financeira da associação,&nbsp; e representar a associação em juízo e fora dele.&nbsp;</p>



<p>3. A forma do seu funcionamento é a estabelecida no artigo 171º do Código Civil. 4. A associação obriga-se com a intervenção de dois diretores um dos quais será o&nbsp; Presidente.&nbsp;</p>



<p><strong>Artigo 7 &#8211; Conselho Fiscal&nbsp;</strong></p>



<p>1. O Conselho fiscal, eleito em Assembleia-Geral, é composto por 3 associados,&nbsp; um Presidente, um Vice-Presidente e um Secretário.&nbsp;</p>



<p>2. Ao Conselho fiscal compete fiscalizar os atos administrativos e financeiros da&nbsp; direção, fiscalizar as suas contas e relatórios financeiros, e dar parecer sobre os&nbsp; atos que impliquem aumento das despesas ou diminuição das receitas. 3. A forma do seu funcionamento é a estabelecida no artigo 171º do Código Civil.</p>



<p><strong>Artigo 8 &#8211; Admissão e exclusão&nbsp;</strong></p>



<p>As condições de admissão e exclusão dos associados, suas categorias, direitos e&nbsp; obrigações, constarão de regulamento interno a aprovar pela Assembleia-Geral.&nbsp;</p>



<p><strong>Artigo 9 &#8211; Extinção. Destino dos bens.&nbsp;</strong></p>



<p>A extinção da associação, o destino dos bens que integrarem o património social, que&nbsp; não estejam afetados a fim determinado e que não lhe tenham sido doados ou&nbsp; deixados com algum encargo, será objeto de Regulamento Interno, que será&nbsp; deliberado pela Assembleia-Geral.&nbsp;</p>



<p>CIDADE DE VIANA DO CASTELO, PORTUGAL, AOS 29 DE MAIO DE 2020.</p>

<p>ESTATUTOS DA “ASSOCIAÇÃO Terra de Todos”&nbsp;&nbsp; Foram apresentados na Conservatória do Registo Comercial, de Viana do Castelo,&nbsp; em 29 de Maio 2020, Dia do seu [&#8230;]</p>
